 7?
-5
What is 9 (base 13) in base 15?
9
be (base 16) to base 4
2332
Convert 4 (base 10) to base 7.
4
What is 33 (base 12) in base 3?
1110
2 (base 5) to base 9
2
Convert -120 (base 5) to base 9.
-38
Convert -3 (base 6) to base 3.
-10
What is 28 (base 9) in base 11?
24
What is 442 (base 7) in base 9?
271
100010 (base 2) to base 3
1021
37 (base 16) to base 15
3a
-46 (base 16) to base 6
-154
What is -11 (base 3) in base 14?
-4
Convert 11 (base 3) to base 14.
4
-22 (base 6) to base 2
-1110
-100 (base 2) to base 12
-4
What is 10b (base 13) in base 7?
345
What is cb (base 15) in base 16?
bf
100010 (base 3) to base 7
501
2 (base 12) to base 7
2
What is -2 (base 7) in base 6?
-2
Convert -3 (base 5) to base 9.
-3
Convert 8 (base 13) to base 3.
22
What is 14 (base 5) in base 3?
100
-29 (base 16) to base 13
-32
Convert 147 (base 9) to base 8.
174
Convert -6a (base 16) to base 13.
-82
Convert -3 (base 16) to base 4.
-3
Convert 4 (base 16) to base 2.
100
2 (base 15) to base 9
2
Convert -5 (base 11) to base 2.
-101
Convert -3 (base 10) to base 14.
-3
Convert 442 (base 6) to base 10.
170
0 (base 8) to base 14
0
Convert -10 (base 4) to base 7.
-4
1 (base 9) to base 2
1
-3 (base 12) to base 3
-10
What is 1011 (base 2) in base 14?
b
What is 123 (base 15) in base 5?
2013
-14 (base 9) to base 14
-d
What is 121 (base 4) in base 11?
23
What is -2021 (base 4) in base 6?
-345
Convert -ee (base 15) to base 7.
-440
Convert 4 (base 14) to base 11.
4
What is 3 (base 14) in base 6?
3
20 (base 4) to base 6
12
Convert -8 (base 11) to base 10.
-8
220 (base 3) to base 16
18
-c0 (base 13) to base 12
-110
b (base 15) to base 7
14
-120 (base 10) to base 3
-11110
1222 (base 5) to base 6
511
Convert -1102 (base 3) to base 6.
-102
9 (base 14) to base 12
9
What is 113 (base 5) in base 13?
27
31 (base 5) to base 16
10
2 (base 7) to base 10
2
What is 2 (base 5) in base 4?
2
What is -18 (base 10) in base 3?
-200
342 (base 6) to base 11
112
Convert -24 (base 14) to base 12.
-28
What is -110 (base 2) in base 16?
-6
What is -21 (base 4) in base 15?
-9
-7 (base 11) to base 3
-21
What is -84 (base 13) in base 3?
-11000
Convert 1100 (base 2) to base 13.
c
What is -93 (base 14) in base 7?
-243
-1000 (base 3) to base 10
-27
Convert 23 (base 13) to base 16.
1d
-3 (base 5) to base 10
-3
-566 (base 7) to base 6
-1205
What is 12 (base 6) in base 14?
8
What is 90 (base 13) in base 5?
432
3a (base 13) to base 4
301
What is 1 (base 3) in base 11?
1
What is 1001 (base 2) in base 11?
9
What is 1 (base 3) in base 5?
1
11 (base 2) to base 5
3
3 (base 12) to base 3
10
-10 (base 5) to base 8
-5
Convert -a (base 13) to base 10.
-10
36 (base 12) to base 6
110
3 (base 6) to base 10
3
What is 64 (base 15) in base 12?
7a
What is 12 (base 15) in base 13?
14
What is -1a (base 11) in base 10?
-21
Convert 84 (base 10) to base 16.
54
Convert 0 (base 4) to base 6.
0
What is 4 (base 5) in base 15?
4
-8 (base 13) to base 15
-8
What is 101111 (base 2) in base 3?
1202
What is -a (base 14) in base 16?
-a
Convert -1122 (base 5) to base 3.
-20000
What is -6 (base 10) in base 11?
-6
Convert d (base 14) to base 10.
13
12 (base 3) to base 14
5
Convert -34 (base 16) to base 7.
-103
-2 (base 16) to base 5
-2
What is 2 (base 15) in base 16?
2
Convert -21 (base 13) to base 16.
-1b
Convert -1120 (base 6) to base 15.
-129
Convert -2 (base 14) to base 8.
-2
What is -5c (base 14) in base 13?
-64
What is -14 (base 9) in base 13?
-10
Convert b (base 13) to base 6.
15
What is 3 (base 7) in base 11?
3
What is 1 (base 13) in base 5?
1
Convert 1 (base 3) to base 14.
1
Convert 85 (base 11) to base 5.
333
-2 (base 11) to base 13
-2
What is 2c (base 15) in base 4?
222
1 (base 14) to base 8
1
Convert 1 (base 11) to base 8.
1
What is 3 (base 16) in base 13?
3
What is -a (base 16) in base 5?
-20
What is -102 (base 6) in base 5?
-123
-11 (base 4) to base 3
-12
-16 (base 16) to base 13
-19
Convert -3 (base 11) to base 15.
-3
What is 14 (base 10) in base 13?
11
7 (base 10) to base 6
11
0 (base 8) to base 10
0
What is 10 (base 14) in base 11?
13
Convert 1 (base 3) to base 15.
1
-5 (base 15) to base 14
-5
What is 11 (base 5) in base 9?
6
Convert 21 (base 9) to base 4.
103
What is -5 (base 10) in base 12?
-5
Convert -b (base 14) to base 9.
-12
What is 1 (base 15) in base 11?
1
-1 (base 14) to base 3
-1
What is -13 (base 9) in base 10?
-12
Convert -1 (base 3) to base 7.
-1
What is -3 (base 13) in base 14?
-3
39 (base 16) to base 9
63
-16 (base 11) to base 12
-15
What is 11 (base 5) in base 15?
6
-125 (base 14) to base 9
-274
-31 (base 10) to base 13
-25
1 (base 7) to base 10
1
What is 17 (base 15) in base 3?
211
23 (base 6) to base 3
120
What is b (base 15) in base 10?
11
What is -74 (base 9) in base 10?
-67
34 (base 14) to base 10
46
1100 (base 2) to base 5
22
Convert 552 (base 6) to base 14.
112
Convert 11 (base 10) to base 3.
102
-109 (base 16) to base 7
-526
Convert -3 (base 11) to base 3.
-10
Convert 12 (base 3) to base 14.
5
Convert 17 (base 14) to base 7.
30
Convert 2 (base 8) to base 7.
2
Convert -20 (base 5) to base 16.
-a
Convert 10 (base 11) to base 5.
21
22 (base 6) to base 5
24
What is -5 (base 15) in base 14?
-5
Convert -13 (base 7) to base 8.
-12
What is -4 (base 9) in base 6?
-4
Convert -1011 (base 2) to base 5.
-21
What is 5 (base 16) in base 12?
5
Convert cc (base 14) to base 9.
220
Convert -20 (base 5) to base 9.
-11
10020 (base 3) to base 5
322
23 (base 7) to base 10
17
What is -222 (base 3) in base 4?
-122
Convert 210 (base 4) to base 16.
24
101 (base 2) to base 12
5
100010 (base 2) to base 6
54
What is 3 (base 13) in base 2?
11
-3 (base 10) to base 12
-3
4 (base 12) to base 16
4
What is 6 (base 10) in base 16?
6
Convert 1 (base 7) to base 14.
1
Convert -21 (base 8) to base 10.
-17
Convert -36 (base 15) to base 9.
-56
4 (base 10) to base 5
4
Convert -10 (base 7) to base 9.
-7
-4 (base 16) to base 13
-4
What is -13 (base 15) in base 13?
-15
What is 135 (base 7) in base 16?
4b
Convert -10111 (base 3) to base 10.
-94
Convert -61 (base 14) to base 2.
-1010101
Convert 10 (base 2) to base 4.
2
-2 (base 3) to base 8
-2
What is -11012 (base 3) in base 4?
-1301
Convert 40 (base 7) to base 8.
34
3 (base 16) to base 13
3
Convert -16 (base 13) to base 16.
-13
What is 10 (base 4) in base 10?
4
1 (base 7) to base 5
1
Convert 5 (base 9) to base 7.
5
Convert 100111 (base 2) to base 11.
36
-18 (base 9) to base 3
-122
What is 43 (base 11) in base 13?
38
What is -3 (base 4) in base 3?
-10
What is 5 (base 15) in base 13?
5
What is 33 (base 6) in base 5?
41
Convert -1320 (base 5) to base 3.
-21210
Convert -76 (base 10) to base 12.
-64
Convert 2 (base 16) to base 13.
2
Convert -79 (base 13) to base 8.
-144
-22 (base 6) to base 2
-1110
What is -10110 (base 2) in base 11?
-20
What is -46 (base 8) in base 3?
-1102
-11 (base 9) to base 15
-a
Convert -70 (base 12) to base 8.
-124
Convert 38 (base 15) to base 13.
41
Convert 136 (base 8) to base 16.
5e
Convert -11 (base 5) to base 15.
-6
Convert a (base 13) to base 5.
20
What is 192 (base 13) in base 11?
242
What is 3 (base 6) in base 2?
11
Convert 27 (base 16) to base 6.
103
What is 7 (base 8) in base 4?
13
What is 28 (base 11) in base 13?
24
What is 12 (base 8) in base 12?
a
2 (base 6) to base 5
2
Convert -52 (base 8) to base 13.
-33
Convert -4 (base 8) to base 7.
-4
-38 (base 14) to base 15
-35
What is 3 (base 9) in base 14?
3
What is 2140 (base 5) in base 6?
1211
Convert c (base 14) to base 13.
c
Convert 4 (base 9) to base 16.
4
What is -6 (base 13) in base 12?
-6
Convert 25 (base 7) to base 2.
10011
-30 (base 4) to base 10
-12
What is -2 (base 3) in base 14?
-2
Convert 2 (base 8) to base 7.
2
What is 2 (base 9) in base 2?
10
Convert 4 (base 16) to base 9.
4
What is -11 (base 13) in base 3?
-112
What is 50 (base 8) in base 2?
101000
What is -100 (base 3) in base 7?
-12
Convert 30 (base 10) to base 14.
22
What is 119 (base 10) in base 4?
1313
Convert -111101 (base 2) to base 5.
-221
Convert 22 (base 12) to base 11.
24
What is -212 (base 11) in base 9?
-313
23 (base 4) to base 10
11
What is -2 (base 11) in base 12?
-2
Convert -241 (base 5) to base 14.
-51
Convert -10 (base 2) to base 14.
-2
Convert -1011001 (base 2) to base 15.
-5e
What is -11 (base 6) in base 5?
-12
What is -6 (base 9) in base 10?
-6
Co